
List the prime factors of 2833.
2833
List the prime factors of 606.
2, 3, 101
What are the prime factors of 10203?
3, 19, 179
What are the prime factors of 119251?
11, 37, 293
List the prime factors of 139891.
139891
List the prime factors of 1213.
1213
What are the prime factors of 1082?
2, 541
List the prime factors of 53078.
2, 26539
What are the prime factors of 33626?
2, 17, 23, 43
List the prime factors of 516.
2, 3, 43
List the prime factors of 9352.
2, 7, 167
List the prime factors of 3613.
3613
List the prime factors of 39403.
7, 13, 433
List the prime factors of 2589.
3, 863
What are the prime factors of 12115?
5, 2423
What are the prime factors of 2485?
5, 7, 71
List the prime factors of 6081.
3, 2027
What are the prime factors of 77?
7, 11
What are the prime factors of 12713?
12713
What are the prime factors of 3148?
2, 787
List the prime factors of 25763.
25763
List the prime factors of 521.
521
List the prime factors of 26712.
2, 3, 7, 53
List the prime factors of 499.
499
What are the prime factors of 4864?
2, 19
List the prime factors of 2086.
2, 7, 149
What are the prime factors of 1872?
2, 3, 13
List the prime factors of 1087.
1087
What are the prime factors of 10280?
2, 5, 257
What are the prime factors of 6729?
3, 2243
What are the prime factors of 516?
2, 3, 43
What are the prime factors of 783?
3, 29
What are the prime factors of 8393?
7, 11, 109
List the prime factors of 36024.
2, 3, 19, 79
What are the prime factors of 134?
2, 67
What are the prime factors of 4306?
2, 2153
List the prime factors of 1963.
13, 151
What are the prime factors of 11771?
79, 149
What are the prime factors of 63930?
2, 3, 5, 2131
What are the prime factors of 4436?
2, 1109
What are the prime factors of 10817?
29, 373
What are the prime factors of 273?
3, 7, 13
What are the prime factors of 357?
3, 7, 17
List the prime factors of 1744.
2, 109
List the prime factors of 2865.
3, 5, 191
What are the prime factors of 9180?
2, 3, 5, 17
List the prime factors of 27054.
2, 3, 167
What are the prime factors of 10846?
2, 11, 17, 29
What are the prime factors of 439?
439
What are the prime factors of 5957?
7, 23, 37
List the prime factors of 8528.
2, 13, 41
What are the prime factors of 9856?
2, 7, 11
What are the prime factors of 2134?
2, 11, 97
What are the prime factors of 1766?
2, 883
What are the prime factors of 10747?
11, 977
What are the prime factors of 798?
2, 3, 7, 19
List the prime factors of 16766.
2, 83, 101
What are the prime factors of 7994?
2, 7, 571
What are the prime factors of 72051?
3, 7, 47, 73
What are the prime factors of 42011?
43, 977
List the prime factors of 4992.
2, 3, 13
List the prime factors of 2291.
29, 79
What are the prime factors of 110880?
2, 3, 5, 7, 11
What are the prime factors of 2104?
2, 263
What are the prime factors of 19661?
19661
List the prime factors of 84617.
13, 23, 283
List the prime factors of 1120.
2, 5, 7
List the prime factors of 335.
5, 67
What are the prime factors of 92015?
5, 7, 11, 239
List the prime factors of 2594.
2, 1297
List the prime factors of 13325.
5, 13, 41
List the prime factors of 8025.
3, 5, 107
List the prime factors of 763.
7, 109
List the prime factors of 491.
491
List the prime factors of 308.
2, 7, 11
List the prime factors of 1146.
2, 3, 191
What are the prime factors of 3009?
3, 17, 59
What are the prime factors of 1366?
2, 683
What are the prime factors of 32?
2
What are the prime factors of 620?
2, 5, 31
What are the prime factors of 45666?
2, 3, 43, 59
List the prime factors of 11747.
17, 691
List the prime factors of 612.
2, 3, 17
List the prime factors of 224.
2, 7
What are the prime factors of 9945?
3, 5, 13, 17
What are the prime factors of 78270?
2, 3, 5, 2609
What are the prime factors of 56926?
2, 28463
List the prime factors of 239.
239
What are the prime factors of 3215?
5, 643
List the prime factors of 100281.
3, 33427
List the prime factors of 1149.
3, 383
What are the prime factors of 1368?
2, 3, 19
What are the prime factors of 18777?
3, 11, 569
List the prime factors of 28076.
2, 7019
List the prime factors of 1175.
5, 47
What are the prime factors of 797?
797
What are the prime factors of 289?
17
What are the prime factors of 14507?
89, 163
List the prime factors of 8914.
2, 4457
What are the prime factors of 13865?
5, 47, 59
What are the prime factors of 92043?
3, 7, 487
What are the prime factors of 85215?
3, 5, 13, 19, 23
What are the prime factors of 38?
2, 19
List the prime factors of 21032.
2, 11, 239
What are the prime factors of 1400?
2, 5, 7
What are the prime factors of 117861?
3, 17, 2311
What are the prime factors of 4399?
53, 83
List the prime factors of 5637.
3, 1879
List the prime factors of 10752.
2, 3, 7
What are the prime factors of 1470?
2, 3, 5, 7
What are the prime factors of 6372?
2, 3, 59
What are the prime factors of 763?
7, 109
What are the prime factors of 803?
11, 73
List the prime factors of 17762.
2, 83, 107
List the prime factors of 6347.
11, 577
List the prime factors of 932.
2, 233
List the prime factors of 59221.
59221
What are the prime factors of 13553?
13553
What are the prime factors of 2049?
3, 683
List the prime factors of 71224.
2, 29, 307
List the prime factors of 134.
2, 67
List the prime factors of 81.
3
What are the prime factors of 1380?
2, 3, 5, 23
List the prime factors of 20470.
2, 5, 23, 89
List the prime factors of 24416.
2, 7, 109
What are the prime factors of 16934?
2, 8467
List the prime factors of 8305.
5, 11, 151
List the prime factors of 95631.
3, 127, 251
List the prime factors of 5322.
2, 3, 887
What are the prime factors of 1789?
1789
What are the prime factors of 1419?
3, 11, 43
List the prime factors of 190.
2, 5, 19
List the prime factors of 2342.
2, 1171
List the prime factors of 3315.
3, 5, 13, 17
List the prime factors of 1542.
2, 3, 257
What are the prime factors of 2261?
7, 17, 19
What are the prime factors of 1589?
7, 227
What are the prime factors of 275?
5, 11
List the prime factors of 1809.
3, 67
List the prime factors of 9108.
2, 3, 11, 23
List the prime factors of 1612.
2, 13, 31
What are the prime factors of 9366?
2, 3, 7, 223
List the prime factors of 22695.
3, 5, 17, 89
What are the prime factors of 158?
2, 79
List the prime factors of 41078.
2, 19, 23, 47
What are the prime factors of 25352?
2, 3169
List the prime factors of 1602.
2, 3, 89
What are the prime factors of 8146?
2, 4073
What are the prime factors of 4430?
2, 5, 443
List the prime factors of 2701.
37, 73
List the prime factors of 53061.
3, 23, 769
List the prime factors of 4493.
4493
What are the prime factors of 39115?
5, 7823
List the prime factors of 20958.
2, 3, 7, 499
What are the prime factors of 29050?
2, 5, 7, 83
List the prime factors of 166183.
166183
List the prime factors of 1653.
3, 19, 29
List the prime factors of 1110.
2, 3, 5, 37
List the prime factors of 21416.
2, 2677
What are the prime factors of 551?
19, 29
What are the prime factors of 107869?
269, 401
List the prime factors of 667.
23, 29
List the prime factors of 4999.
4999
List the prime factors of 122065.
5, 24413
What are the prime factors of 20?
2, 5
List the prime factors of 78027.
3, 31, 839
List the prime factors of 84440.
2, 5, 2111
List the prime factors of 199.
199
List the prime factors of 111221.
11, 10111
List the prime factors of 92684.
2, 17, 29, 47
List the prime factors of 82787.
82787
What are the prime factors of 1105?
5, 13, 17
What are the prime factors of 423?
3, 47
What are the prime factors of 3695?
5, 739
What are the prime factors of 702?
2, 3, 13
List the prime factors of 866.
2, 433
What are the prime factors of 1958?
2, 11, 89
List the prime factors of 5339.
19, 281
List the prime factors of 3319.
3319
What are the prime factors of 1822?
2, 911
List the prime factors of 1601.
1601
What are the prime factors of 133711?
133711
What are the prime factors of 6384?
2, 3, 7, 19
List the prime factors of 3416.
2, 7, 61
What are the prime factors of 78479?
78479
List the prime factors of 98.
2, 7
What are the prime factors of 16610?
2, 5, 11, 151
What are the prime factors of 2403?
3, 89
List the prime factors of 3996.
2, 3, 37
What are the prime factors of 186?
2, 3, 31
What are the prime factors of 22306?
2, 19, 587
Lis